alse
Does 19 divide 1026?
True
Is 206 a factor of 51294?
True
Is 260 a multiple of 18?
False
Does 4 divide 150?
False
Is 136070 a multiple of 11?
True
Does 122 divide 10736?
True
Is 8 a factor of 16?
True
Is 558 a multiple of 25?
False
Is 3888 a multiple of 162?
True
Does 64 divide 1792?
True
Is 21 a factor of 1925?
False
Is 6 a factor of 6756?
True
Does 17 divide 30000?
False
Is 8393 a multiple of 109?
True
Is 15 a factor of 555?
True
Is 8553 a multiple of 86?
False
Does 25 divide 1300?
True
Does 23 divide 345?
True
Is 125 a multiple of 19?
False
Is 732 a multiple of 3?
True
Does 11 divide 101?
False
Is 18 a factor of 1518?
False
Is 32 a factor of 256?
True
Is 5608 a multiple of 50?
False
Is 1950 a multiple of 27?
False
Is 128 a multiple of 2?
True
Is 9 a factor of 8819?
False
Is 2020 a multiple of 101?
True
Is 14 a factor of 174?
False
Is 27244 a multiple of 278?
True
Is 27456 a multiple of 24?
True
Does 5 divide 4962?
False
Does 39 divide 146679?
True
Is 1051 a multiple of 70?
False
Is 610 a multiple of 47?
False
Is 58624 a multiple of 32?
True
Is 17 a factor of 2533?
True
Is 13 a factor of 2722?
False
Is 280 a multiple of 3?
False
Does 8 divide 432?
True
Is 9 a factor of 4689?
True
Is 104 a factor of 6120?
False
Does 9 divide 1620?
True
Does 8 divide 12300?
False
Is 6580 a multiple of 47?
True
Is 20 a factor of 538?
False
Is 3 a factor of 261?
True
Is 10 a factor of 3970?
True
Is 7 a factor of 357?
True
Does 15 divide 4607?
False
Does 26 divide 16978?
True
Is 230 a multiple of 5?
True
Does 76 divide 3394?
False
Is 111 a multiple of 12?
False
Does 20 divide 113?
False
Is 494 a multiple of 13?
True
Is 615 a multiple of 20?
False
Is 297 a multiple of 9?
True
Is 930 a multiple of 9?
False
Is 2037 a multiple of 7?
True
Is 16320 a multiple of 10?
True
Does 90 divide 15210?
True
Does 4 divide 742?
False
Is 37 a factor of 109?
False
Does 29 divide 596?
False
Is 186 a factor of 30841?
False
Is 16 a factor of 3712?
True
Is 23 a factor of 218?
False
Does 15 divide 135?
True
Does 15 divide 3736?
False
Is 308 a multiple of 22?
True
Is 25 a factor of 1296?
False
Is 3894 a multiple of 11?
True
Does 20 divide 1200?
True
Does 26 divide 764?
False
Is 3 a factor of 156?
True
Is 952 a multiple of 7?
True
Is 569 a multiple of 6?
False
Is 1348 a multiple of 23?
False
Does 13 divide 3939?
True
Does 11 divide 24039?
False
Is 417 a multiple of 36?
False
Is 18 a factor of 5023?
False
Is 29 a factor of 145?
True
Is 48 a factor of 81024?
True
Is 27235 a multiple of 65?
True
Does 131 divide 7979?
False
Does 18 divide 4608?
True
Is 4453 a multiple of 102?
False
Is 9 a factor of 45717?
False
Is 35738 a multiple of 31?
False
Is 14 a factor of 22164?
False
Is 5888 a multiple of 17?
False
Is 158 even?
True
Does 5 divide 85?
True
Is 97 a factor of 12513?
True
Does 28 divide 988?
False
Is 10 a factor of 14346?
False
Does 60 divide 8621?
False
Is 17 a factor of 13548?
False
Is 1593 a multiple of 30?
False
Is 12 a factor of 876?
True
Is 597 a multiple of 6?
False
Is 16088 a multiple of 87?
False
Is 60 a factor of 2056?
False
Is 112 a factor of 20272?
True
Is 24304 a multiple of 112?
True
Does 87 divide 1636?
False
Does 19 divide 2204?
True
Is 29 a factor of 4766?
False
Is 3729 a multiple of 3?
True
Does 5 divide 1150?
True
Is 6567 a multiple of 79?
False
Is 23789 a multiple of 99?
False
Is 47 a factor of 818?
False
Is 14896 a multiple of 10?
False
Is 90 a factor of 48690?
True
Does 17 divide 1904?
True
Does 2 divide 440?
True
Is 9 a factor of 635?
False
Does 11 divide 23815?
True
Is 15240 a multiple of 40?
True
Is 812 a multiple of 29?
True
Is 143 a factor of 24266?
False
Is 9 a factor of 72576?
True
Is 1606 a multiple of 11?
True
Is 3 a factor of 1406?
False
Is 706 a multiple of 6?
False
Does 13 divide 1267?
False
Is 1221 a multiple of 33?
True
Does 7 divide 1141?
True
Is 2262 a multiple of 78?
True
Is 222 a multiple of 8?
False
Is 13 a factor of 1529?
False
Is 1533 a multiple of 9?
False
Does 34 divide 1326?
True
Is 11 a factor of 3289?
True
Is 7 a factor of 147?
True
Is 2353 a multiple of 67?
False
Does 68 divide 204?
True
Does 136 divide 25265?
False
Is 20449 a multiple of 11?
True
Does 26 divide 6457?
False
Does 41 divide 3208?
False
Is 2310 a multiple of 9?
False
Is 13 a factor of 759?
False
Is 5880 a multiple of 14?
True
Is 8690 a multiple of 10?
True
Is 864 a multiple of 28?
False
Does 68 divide 71332?
True
Does 23 divide 8993?
True
Does 130 divide 182260?
True
Is 11 a factor of 187?
True
Does 9 divide 35325?
True
Is 5 a factor of 613?
False
Does 35 divide 560?
True
Is 298 a factor of 976?
False
Is 21870 a multiple of 162?
True
Does 21 divide 378?
True
Is 11 a factor of 235?
False
Is 128 a multiple of 11?
False
Is 511 a multiple of 11?
False
Does 25 divide 61822?
False
Is 48 a factor of 643?
False
Does 187 divide 27480?
False
Does 12 divide 2446?
False
Does 12 divide 2016?
True
Does 9 divide 26972?
False
Is 12 a factor of 1524?
True
Is 2352 a multiple of 12?
True
Is 6060 a multiple of 30?
True
Is 11 a factor of 8298?
False
Does 13 divide 14525?
False
Is 1566 a multiple of 29?
True
Is 1023 a multiple of 33?
True
Is 137483 a multiple of 129?
False
Is 26827 a multiple of 139?
True
Is 2514 a multiple of 2?
True
Does 9 divide 10845?
True
Is 4 a factor of 6775?
False
Does 45 divide 2794?
False
Is 5 a factor of 12?
False
Does 9 divide 1206?
True
Is 1388 a multiple of 12?
False
Is 7 a factor of 23170?
True
Does 13 divide 8047?
True
Is 19 a factor of 2242?
True
Does 4 divide 4264?
True
Is 7075 a multiple of 10?
False
Does 13 divide 755?
False
Is 7149 a multiple of 77?
False
Is 21 a factor of 1134?
True
Is 9 a factor of 13305?
False
Is 5328 a multiple of 148?
True
Is 11 a factor of 825?
True
Is 46 a factor of 23506?
True
Is 10 a factor of 3470?
True
Does 57 divide 685?
False
Is 16895 a multiple of 155?
True
Is 4840 a multiple of 10?
True
Is 10 a factor of 1120?
True
Is 2745 a multiple of 5?
True
Does 10 divide 690?
True
Does 35 divide 8645?
True
Is 63 a factor of 2394?
True
Is 50218 a multiple of 7?
True
Does 31 divide 155?
True
Is 1631 a multiple of 79?
False
Does 199 divide 17910?
True
Is 675 a multiple of 75?
True
Is 30 a factor of 8619?
False
Does 47 divide 204?
False
Is 639 a multiple of 3?
True
Is 3 a factor of 9126?
True
Is 408 a multiple of 12?
True
Is 90714 a multiple of 13?
True
Is 60 a factor of 360?
True
Does 51 divide 5927?
False
Is 819 a multiple of 13?
True
Does 18 divide 24012?
True
Is 23445 a multiple of 50?
False
Does 12 divide 2964?
True
Is 78 a factor of 284?
False
Is 756 a multiple of 36?
True
Does 46 divide 30452?
True
Is 37 a factor of 1147?
True
Does 13 divide 403?
True
Does 9 divide 839?
False
Does 13 divide 9581?
True
Does 133 divide 534?
False
Is 47 a factor of 400?
False
Is 726 a multiple of 33?
True
Does 89 divide 33496?
False
Is 14 a factor of 102?
False
Is 2 a factor of 24?
True
Is 19 a factor of 3821?
False
Is 2887 a multiple of 4?
False
Is 4 a factor of 254?
False
Is 33 a factor of 3828?
True
Does 10 divide 320?
True
Is 210 a multiple of 27?
False
Does 75 divide 1125?
True
Does 9 divide 2993?
False
Does 34 divide 799?
False
Does 8 divide 9928?
True
Does 11 divide 1799?
False
Is 8881 a multiple of 4?
False
Is 1313 a multiple of 4?
False
Does 8 divide 1380?
False
Is 24 a factor of 1920?
True
Is 29 a factor of 1401?
False
Does 39 divide 273?
True
Does 8 divide 259?
False
Does 3 divide 366?
True
Is 83 a factor of 1245?
True
Does 7 divide 1604?
False
Does 6 divide 8357?
False
Does 4 divide 1201?
False
Is 34851 a multiple of 29?
False
Is 210 a factor of 22679?
False
Does 7 divide 17426?
False
Is 930 a multiple of 45?
False
Is 657 a multiple of 29?
False
Is 490 a multiple of 70?
True
Is 15655 a multiple of 20?
False
Does 113 divide 23843?
True
Is 41 a factor of 12273?
False
Is 23 a factor of 20516?
True
Does 4 divide 1752?
True
Is 1204 a multiple of 17?
False
Does 40 divide 452?
False
Is 2280 a multiple of 60?
True
Is 24 a factor of 5029?
False
Is 14 a factor of 1218?
True
Is 1008 a multiple of 18?
True
Is 44 a factor of 1900?
False
Is 296 a multiple of 8?
True
Does 22 divide 1298?
True
Does 64 divide 1856?
True
Is 15 a factor of 8417?
False
Is 377 a multiple of 13?
True
Does 3 divide 4707?
True
Does 9 divide 1644?
False
Does 3 divide 284?
False
Is